en 5322 is divided by 883.
24
Calculate the remainder when 75738 is divided by 26.
0
What is the remainder when 1050 is divided by 145?
35
Calculate the remainder when 20246 is divided by 10.
6
What is the remainder when 118420 is divided by 86?
84
Calculate the remainder when 96 is divided by 52.
44
What is the remainder when 1604 is divided by 789?
26
Calculate the remainder when 15295 is divided by 637.
7
What is the remainder when 232105 is divided by 232094?
11
What is the remainder when 2246546 is divided by 170?
166
Calculate the remainder when 4132 is divided by 276.
268
What is the remainder when 5025 is divided by 628?
1
Calculate the remainder when 17355 is divided by 8675.
5
Calculate the remainder when 1151 is divided by 287.
3
Calculate the remainder when 11193 is divided by 36.
33
What is the remainder when 68021 is divided by 567?
548
What is the remainder when 88825 is divided by 2612?
17
Calculate the remainder when 7541 is divided by 7540.
1
What is the remainder when 439293 is divided by 157?
7
Calculate the remainder when 13868 is divided by 17.
13
What is the remainder when 9222 is divided by 888?
342
Calculate the remainder when 7544 is divided by 7534.
10
What is the remainder when 990 is divided by 489?
12
What is the remainder when 87158 is divided by 1383?
29
What is the remainder when 205498 is divided by 6?
4
What is the remainder when 931312 is divided by 385?
382
What is the remainder when 365703 is divided by 198?
195
Calculate the remainder when 156841 is divided by 60.
1
Calculate the remainder when 45148 is divided by 213.
205
What is the remainder when 9281 is divided by 26?
25
Calculate the remainder when 50433 is divided by 801.
771
What is the remainder when 3872 is divided by 120?
32
Calculate the remainder when 3993 is divided by 1857.
279
What is the remainder when 2491 is divided by 137?
25
Calculate the remainder when 26122 is divided by 27.
13
Calculate the remainder when 4489 is divided by 235.
24
Calculate the remainder when 667949 is divided by 1532.
1529
What is the remainder when 814 is divided by 177?
106
Calculate the remainder when 17890 is divided by 2228.
66
What is the remainder when 1310 is divided by 76?
18
What is the remainder when 2579 is divided by 278?
77
Calculate the remainder when 2936 is divided by 226.
224
What is the remainder when 6771 is divided by 1112?
99
Calculate the remainder when 3060918 is divided by 1180.
1178
What is the remainder when 1672 is divided by 541?
49
Calculate the remainder when 16691 is divided by 5559.
14
Calculate the remainder when 310188 is divided by 21.
18
What is the remainder when 19056 is divided by 26?
24
What is the remainder when 37518 is divided by 1632?
1614
What is the remainder when 418767 is divided by 517?
514
What is the remainder when 36016 is divided by 345?
136
What is the remainder when 271 is divided by 157?
114
Calculate the remainder when 19877 is divided by 51.
38
Calculate the remainder when 239178 is divided by 19930.
18
Calculate the remainder when 122973 is divided by 63.
60
What is the remainder when 48860 is divided by 394?
4
What is the remainder when 1737 is divided by 963?
774
Calculate the remainder when 12529 is divided by 1780.
69
What is the remainder when 171687 is divided by 981?
12
Calculate the remainder when 8260 is divided by 1358.
112
Calculate the remainder when 26560 is divided by 2412.
28
What is the remainder when 4190245 is divided by 1396748?
1
Calculate the remainder when 239 is divided by 18.
5
What is the remainder when 83899 is divided by 20946?
115
Calculate the remainder when 118461 is divided by 617.
614
Calculate the remainder when 21045 is divided by 475.
145
Calculate the remainder when 4823 is divided by 193.
191
Calculate the remainder when 97376 is divided by 143.
136
Calculate the remainder when 3122 is divided by 999.
125
What is the remainder when 81251 is divided by 20303?
39
What is the remainder when 2490 is divided by 628?
606
Calculate the remainder when 19225 is divided by 437.
434
Calculate the remainder when 5662 is divided by 629.
1
What is the remainder when 135260 is divided by 65?
60
Calculate the remainder when 84644 is divided by 125.
19
Calculate the remainder when 8949 is divided by 1388.
621
Calculate the remainder when 1335 is divided by 48.
39
Calculate the remainder when 15236 is divided by 763.
739
What is the remainder when 169563 is divided by 83?
77
Calculate the remainder when 6658 is divided by 1164.
838
Calculate the remainder when 2263 is divided by 16.
7
Calculate the remainder when 1889189 is divided by 691.
686
Calculate the remainder when 46589 is divided by 5.
4
What is the remainder when 2554 is divided by 866?
822
Calculate the remainder when 1627 is divided by 747.
133
What is the remainder when 25155 is divided by 70?
25
What is the remainder when 8841 is divided by 4419?
3
What is the remainder when 13919 is divided by 199?
188
Calculate the remainder when 5258 is divided by 901.
753
Calculate the remainder when 219678 is divided by 46.
28
What is the remainder when 20878 is divided by 197?
193
What is the remainder when 67557 is divided by 1732?
9
Calculate the remainder when 4302 is divided by 4090.
212
Calculate the remainder when 725207 is divided by 12.
11
Calculate the remainder when 1483 is divided by 104.
27
What is the remainder when 15452183 is divided by 1496?
1495
What is the remainder when 7826 is divided by 704?
82
Calculate the remainder when 30145 is divided by 193.
37
Calculate the remainder when 1392 is divided by 419.
135
Calculate the remainder when 946 is divided by 469.
8
Calculate the remainder when 14103 is divided by 1084.
11
What is the remainder when 37750 is divided by 213?
49
What is the remainder when 391 is divided by 346?
45
Calculate the remainder when 6476 is divided by 2143.
47
What is the remainder when 173916 is divided by 82?
76
Calculate the remainder when 295216 is divided by 497.
495
What is the remainder when 8570 is divided by 344?
314
What is the remainder when 5834 is divided by 977?
949
What is the remainder when 473 is divided by 133?
74
What is the remainder when 79907 is divided by 39947?
13
What is the remainder when 317609 is divided by 105869?
2
What is the remainder when 360552 is divided by 14?
10
Calculate the remainder when 2030 is divided by 652.
74
What is the remainder when 98628 is divided by 15?
3
Calculate the remainder when 34070 is divided by 1008.
806
What is the remainder when 1407 is divided by 1405?
2
Calculate the remainder when 5787 is divided by 1445.
7
What is the remainder when 97370 is divided by 354?
20
Calculate the remainder when 9660 is divided by 186.
174
Calculate the remainder when 5660 is divided by 1881.
17
Calculate the remainder when 539 is divided by 250.
39
What is the remainder when 4684 is divided by 299?
199
Calculate the remainder when 12636 is divided by 12602.
34
Calculate the remainder when 5448 is divided by 293.
174
Calculate the remainder when 1896 is divided by 20.
16
What is the remainder when 11992 is divided by 9?
4
Calculate the remainder when 835 is divided by 809.
26
Calculate the remainder when 25223 is divided by 197.
7
Calculate the remainder when 22132 is divided by 3160.
12
Calculate the remainder when 49239 is divided by 479.
381
What is the remainder when 1438 is divided by 120?
118
Calculate the remainder when 2468 is divided by 35.
18
What is the remainder when 673062 is divided by 34?
32
What is the remainder when 3842 is divided by 16?
2
What is the remainder when 36367 is divided by 55?
12
What is the remainder when 50309 is divided by 105?
14
What is the remainder when 74436 is divided by 8270?
6
Calculate the remainder when 23548 is divided by 5885.
8
What is the remainder when 123142 is divided by 164?
142
Calculate the remainder when 27898 is divided by 6.
4
What is the remainder when 17658 is divided by 195?
108
What is the remainder when 27663 is divided by 2514?
9
What is the remainder when 227607 is divided by 75856?
39
Calculate the remainder when 28711 is divided by 957.
1
Calculate the remainder when 7381 is divided by 107.
105
What is the remainder when 67248 is divided by 2401?
20
What is the remainder when 4325 is 